001 (base 2) to base 9
-5354
-10713 (base 8) to base 5
-121210
Convert ab8 (base 12) to base 7.
4415
-622 (base 12) to base 3
-1012222
Convert -2140 (base 6) to base 10.
-492
Convert 21416 (base 8) to base 3.
110022101
Convert 294 (base 12) to base 5.
3100
Convert 101b (base 15) to base 9.
4588
What is 1335 (base 6) in base 11?
296
-5a1 (base 14) to base 7
-3161
-31011 (base 4) to base 3
-1011000
What is 21 (base 16) in base 5?
113
13332 (base 6) to base 16
818
Convert 60145 (base 7) to base 8.
34230
-1356 (base 7) to base 8
-1023
-2005 (base 8) to base 6
-4433
22d (base 16) to base 15
272
Convert -43 (base 10) to base 14.
-31
-16d9 (base 14) to base 2
-1000000001111
-1044 (base 8) to base 6
-2312
4a5 (base 11) to base 13
371
What is -1101435 (base 6) in base 16?
-d61f
Convert 66e6 (base 15) to base 12.
10760
-100101101001 (base 2) to base 13
-1134
-2642 (base 14) to base 10
-6722
What is -a2 (base 14) in base 9?
-167
-4341 (base 6) to base 12
-6b1
4a1 (base 15) to base 14
551
Convert 1a93 (base 15) to base 6.
42403
What is -132 (base 12) in base 15?
-c2
-2c1a (base 14) to base 10
-7864
-3556 (base 7) to base 12
-917
Convert -125 (base 10) to base 2.
-1111101
What is -155 (base 9) in base 8?
-203
-1002210020 (base 3) to base 12
-10696
What is -32131 (base 8) in base 3?
-200101100
-4135 (base 8) to base 9
-2838
Convert -14022 (base 5) to base 6.
-5133
What is 10322 (base 4) in base 2?
100111010
What is 23130 (base 4) in base 9?
1003
Convert -244 (base 10) to base 16.
-f4
Convert -73 (base 15) to base 7.
-213
434 (base 16) to base 9
1425
-56b8 (base 13) to base 14
-45dc
-452556 (base 7) to base 12
-3a4b9
-21231012 (base 4) to base 9
-60466
Convert -4237 (base 9) to base 10.
-3112
-144c (base 14) to base 6
-24352
What is -111344 (base 5) in base 10?
-3974
Convert -10232 (base 4) to base 3.
-102012
3120321 (base 4) to base 11
a47a
Convert 122110 (base 4) to base 16.
694
What is -471 (base 12) in base 9?
-814
Convert -181c (base 14) to base 12.
-2616
What is 220 (base 10) in base 8?
334
-1461 (base 9) to base 3
-1112001
What is -6c6 (base 15) in base 10?
-1536
What is -1000000101 (base 2) in base 14?
-28d
What is 1112 (base 8) in base 3?
210201
Convert 1a518 (base 13) to base 16.
c8c5
Convert -18018 (base 10) to base 6.
-215230
Convert -a50 (base 13) to base 11.
-1356
What is -47 (base 15) in base 6?
-151
What is -134 (base 5) in base 10?
-44
3a38 (base 15) to base 11
9379
What is 32262 (base 8) in base 14?
4cb8
What is -b14 (base 12) in base 8?
-3100
-98d2 (base 14) to base 6
-322240
10214 (base 5) to base 7
1665
45501 (base 9) to base 6
352131
Convert 4015 (base 6) to base 3.
1012102
Convert -3145 (base 9) to base 7.
-6506
Convert -49 (base 13) to base 16.
-3d
What is -2485 (base 11) in base 10?
-3239
What is 4404 (base 12) in base 10?
7492
What is 1110111000101 (base 2) in base 15?
23d1
51303 (base 6) to base 3
100100010
47542 (base 8) to base 11
142a5
-229 (base 15) to base 16
-1e9
523 (base 6) to base 9
236
What is -c75d (base 15) in base 11?
-29750
61b (base 13) to base 11
864
Convert 1606 (base 8) to base 16.
386
Convert -20d4 (base 15) to base 12.
-4031
Convert 458 (base 9) to base 12.
275
Convert -3140 (base 14) to base 8.
-20444
What is -b1 (base 16) in base 14?
-c9
What is -108b (base 16) in base 12?
-254b
Convert 206 (base 16) to base 14.
290
Convert 3059 (base 10) to base 6.
22055
435 (base 10) to base 11
366
Convert -2170 (base 9) to base 7.
-4446
210205 (base 6) to base 12
9965
What is -35a (base 13) in base 12?
-406
What is 4659 (base 13) in base 15?
2dd6
Convert 146 (base 11) to base 9.
210
Convert -210212 (base 4) to base 7.
-6554
What is -10100122 (base 3) in base 4?
-212033
-3310 (base 4) to base 14
-136
3023 (base 6) to base 3
220120
Convert 195 (base 10) to base 7.
366
What is 93d (base 14) in base 12?
1077
-2030031 (base 4) to base 15
-29d3
What is 117 (base 9) in base 11?
89
Convert 54 (base 15) to base 3.
2221
What is 11111011011110 (base 2) in base 13?
7430
What is -14523 (base 13) in base 14?
-dd03
What is -1b41 (base 12) in base 15?
-ee1
What is -531 (base 9) in base 16?
-1b1
-150103 (base 6) to base 5
-424140
-10111111111 (base 2) to base 3
-2002212
Convert -110253 (base 6) to base 14.
-34b7
What is -11c91 (base 15) in base 16?
-de04
Convert 4e4 (base 16) to base 6.
5444
What is 3628 (base 10) in base 7?
13402
What is -57 (base 16) in base 3?
-10020
Convert 82a (base 15) to base 13.
ab7
What is -10010001 (base 3) in base 5?
-33034
1304432 (base 5) to base 16
6411
Convert -510 (base 15) to base 16.
-474
Convert -212333 (base 4) to base 14.
-ca3
Convert -26a5 (base 11) to base 7.
-13133
What is -3705 (base 10) in base 5?
-104310
What is -125 (base 13) in base 15?
-d5
135 (base 11) to base 2
10011111
What is 3264 (base 8) in base 14?
8a8
6620 (base 8) to base 9
4677
Convert 1121011 (base 5) to base 15.
5e71
What is 11043 (base 11) in base 4?
3322103
Convert -fbd (base 16) to base 2.
-111110111101
What is 5d8 (base 15) in base 13?
7b2
Convert 252052 (base 6) to base 2.
101011111100000
What is -231653 (base 7) in base 12?
-20018
-45515 (base 7) to base 9
-16782
Convert -78 (base 13) to base 16.
-63
-4338 (base 14) to base 7
-45601
What is a9 (base 13) in base 12?
b7
What is -18817 (base 12) in base 6?
-433231
What is 112213 (base 4) in base 9?
1877
What is 12527 (base 12) in base 8?
60557
Convert -113555 (base 6) to base 11.
-7512
993 (base 11) to base 12
833
What is 967 (base 15) in base 11?
165a
What is -23232 (base 6) in base 5?
-101312
What is 133342 (base 5) in base 6?
41200
What is 9e4 (base 16) in base 7?
10245
-1577 (base 16) to base 2
-1010101110111
12388 (base 11) to base 6
214122
What is 101011011101 (base 2) in base 15?
c56
What is -5ee (base 15) in base 11?
-1017
-380 (base 12) to base 10
-528
318c (base 15) to base 13
4a04
Convert -8374 (base 12) to base 6.
-150224
Convert 11100000 (base 2) to base 12.
168
-b5 (base 16) to base 5
-1211
Convert 5a (base 12) to base 2.
1000110
What is -32301 (base 5) in base 14?
-b33
What is 10231 (base 6) in base 2?
10101101011
-1111010110001 (base 2) to base 16
-1eb1
-10101100011 (base 2) to base 12
-96b
What is 2c19 (base 13) in base 2?
1100100101100
-2254 (base 6) to base 2
-1000011010
What is e1 (base 16) in base 5?
1400
775 (base 12) to base 7
3125
b1c (base 13) to base 2
11101011100
Convert 2027 (base 8) to base 6.
4503
What is -307 (base 8) in base 7?
-403
What is -20ae (base 16) in base 5?
-231431
-430002 (base 6) to base 3
-1210000002
What is -339 (base 13) in base 5?
-4210
Convert 1134 (base 6) to base 2.
100010010
-10729 (base 12) to base 16
-5511
Convert 1390 (base 10) to base 14.
714
Convert 2017 (base 15) to base 6.
51204
-1a46 (base 16) to base 5
-203401
Convert 115b (base 13) to base 11.
1920
What is -cc72 (base 13) in base 8?
-67505
Convert 153501 (base 6) to base 3.
202200201
-110455 (base 6) to base 10
-9251
Convert -122213 (base 7) to base 11.
-15917
-1003031 (base 4) to base 16
-10cd
What is -776 (base 9) in base 11?
-529
3908 (base 12) to base 6
50012
Convert 31a (base 14) to base 7.
1533
Convert -1130021 (base 4) to base 14.
-2213
What is 54f (base 16) in base 11?
1026
Convert 635 (base 7) to base 3.
102212
2850 (base 9) to base 10
2151
Convert -93 (base 12) to base 14.
-7d
Convert 1315 (base 8) to base 7.
2043
What is -3726 (base 14) in base 15?
-2cc8
Convert 1461 (base 11) to base 14.
986
Convert 340520 (base 6) to base 15.
8789
What is -100020 (base 3) in base 8?
-371
What is 504 (base 10) in base 15?
239
Convert 1000010111 (base 2) to base 16.
217
What is -f3dd (base 16) in base 11?
-429a4
221000 (base 3) to base 12
483
5390 (base 12) to base 3
110121000
Convert -459 (base 14) to base 11.
-715
Convert 320 (base 10) to base 4.
11000
1042 (base 8) to base 16
222
5578 (base 11) to base 3
101002001
Convert d2 (base 16) to base 4.
3102
Convert 13 (base 9) to base 2.
1100
What is -6819 (base 11) in base 13?
-4114
-1c3 (base 13) to base 4
-11020
22425 (base 7) to base 8
13107
101241 (base 6) to base 14
2d3b
What is 121210 (base 3) in base 8?
705
What is 227 (base 16) in base 12?
39b
What is -3144313 (base 5) in base 4?
-30331123
What is 2042 (base 11) in base 3?
10201022
Convert -203553 (base 6) to base 5.
-1011123
What is -104 (base 7) in base 16?
-35
C